{"id":168,"date":"2025-09-11T21:26:30","date_gmt":"2025-09-11T21:26:30","guid":{"rendered":"https:\/\/solgasonline.com\/?post_type=product&#038;p=168"},"modified":"2025-09-11T21:26:31","modified_gmt":"2025-09-11T21:26:31","slug":"kit-regulador-premium","status":"publish","type":"product","link":"https:\/\/solgasonline.com\/?product=kit-regulador-premium","title":{"rendered":"Kit regulador premium"},"content":{"rendered":"<p><img loading=\"lazy\" decoding=\"async\" class=\"alignnone size-medium wp-image-102\" src=\"https:\/\/solgasonline.com\/wp-content\/uploads\/2025\/09\/WhatsApp-Image-2024-06-05-at-6.08.20-PM-1-300x300.jpeg\" alt=\"\" width=\"300\" height=\"300\" \/><\/p>\n","protected":false},"excerpt":{"rendered":"<p data-start=\"262\" data-end=\"520\">El <strong data-start=\"265\" data-end=\"297\">Kit Regulador Premium Solgas<\/strong> est\u00e1 dise\u00f1ado para brindarte la m\u00e1xima seguridad y eficiencia en la conexi\u00f3n de tu bal\u00f3n de gas a tus artefactos. Fabricado con materiales resistentes y de larga duraci\u00f3n, garantiza un flujo de gas constante y confiable.<\/p>\n<p data-start=\"522\" data-end=\"719\">\ud83d\udd39 Incluye regulador premium + manguera de seguridad.<br data-start=\"575\" data-end=\"578\" \/>\ud83d\udd39 Compatible con balones Solgas y otros de uso dom\u00e9stico.<br data-start=\"636\" data-end=\"639\" \/>\ud83d\udd39 Materiales de alta calidad y resistencia.<br data-start=\"683\" data-end=\"686\" \/>\ud83d\udd39 Instalaci\u00f3n r\u00e1pida y segura.<\/p>\n<p data-start=\"721\" data-end=\"894\">Con este kit premium podr\u00e1s disfrutar de una conexi\u00f3n confiable para tu cocina, calef\u00f3n u otros equipos a gas, con la tranquilidad de contar con la garant\u00eda de <strong data-start=\"881\" data-end=\"891\">Solgas<\/strong>.<\/p>\n","protected":false},"featured_media":102,"comment_status":"open","ping_status":"closed","template":"","meta":{"_et_pb_use_builder":"","_et_pb_old_content":"","_et_gb_content_width":"","_joinchat":{"telephone":"+51982940909"}},"product_brand":[],"product_cat":[29,23],"product_tag":[30,24],"class_list":{"0":"post-168","1":"product","2":"type-product","3":"status-publish","4":"has-post-thumbnail","6":"product_cat-kit-regulador-premium","7":"product_cat-regulador-premium","8":"product_tag-kit-regulador-premium","9":"product_tag-regulador-premium","11":"first","12":"instock","13":"shipping-taxable","14":"purchasable","15":"product-type-simple"},"yoast_head":"<!-- This site is optimized with the Yoast SEO plugin v25.8 - https:\/\/yoast.com\/wordpress\/plugins\/seo\/ -->\n<title>Kit regulador premium - Solgas Online<\/title>\n<meta name=\"description\" content=\"Kit Regulador Premium Solgas: incluye regulador y manguera de alta calidad para una conexi\u00f3n segura y duradera.\" \/>\n<meta name=\"robots\" content=\"index, follow, max-snippet:-1, max-image-preview:large, max-video-preview:-1\" \/>\n<link rel=\"canonical\" href=\"https:\/\/solgasonline.com\/?product=kit-regulador-premium\" \/>\n<meta property=\"og:locale\" content=\"es_ES\" \/>\n<meta property=\"og:type\" content=\"article\" \/>\n<meta property=\"og:title\" content=\"Kit regulador premium - Solgas Online\" \/>\n<meta property=\"og:description\" content=\"Kit Regulador Premium Solgas: incluye regulador y manguera de alta calidad para una conexi\u00f3n segura y duradera.\" \/>\n<meta property=\"og:url\" content=\"https:\/\/solgasonline.com\/?product=kit-regulador-premium\" \/>\n<meta property=\"og:site_name\" content=\"Solgas Online\" \/>\n<meta property=\"article:modified_time\" content=\"2025-09-11T21:26:31+00:00\" \/>\n<meta property=\"og:image\" content=\"https:\/\/solgasonline.com\/wp-content\/uploads\/2025\/09\/WhatsApp-Image-2024-06-05-at-6.08.20-PM-1.jpeg\" \/>\n\t<meta property=\"og:image:width\" content=\"1280\" \/>\n\t<meta property=\"og:image:height\" content=\"1280\" \/>\n\t<meta property=\"og:image:type\" content=\"image\/jpeg\" \/>\n<meta name=\"twitter:card\" content=\"summary_large_image\" \/>\n<meta name=\"twitter:label1\" content=\"Tiempo de lectura\" \/>\n\t<meta name=\"twitter:data1\" content=\"1 minuto\" \/>\n<script type=\"application\/ld+json\" class=\"yoast-schema-graph\">{\"@context\":\"https:\/\/schema.org\",\"@graph\":[{\"@type\":\"WebPage\",\"@id\":\"https:\/\/solgasonline.com\/?product=kit-regulador-premium\",\"url\":\"https:\/\/solgasonline.com\/?product=kit-regulador-premium\",\"name\":\"Kit regulador premium - Solgas Online\",\"isPartOf\":{\"@id\":\"https:\/\/solgasonline.com\/#website\"},\"primaryImageOfPage\":{\"@id\":\"https:\/\/solgasonline.com\/?product=kit-regulador-premium#primaryimage\"},\"image\":{\"@id\":\"https:\/\/solgasonline.com\/?product=kit-regulador-premium#primaryimage\"},\"thumbnailUrl\":\"https:\/\/solgasonline.com\/wp-content\/uploads\/2025\/09\/WhatsApp-Image-2024-06-05-at-6.08.20-PM-1.jpeg\",\"datePublished\":\"2025-09-11T21:26:30+00:00\",\"dateModified\":\"2025-09-11T21:26:31+00:00\",\"description\":\"Kit Regulador Premium Solgas: incluye regulador y manguera de alta calidad para una conexi\u00f3n segura y duradera.\",\"breadcrumb\":{\"@id\":\"https:\/\/solgasonline.com\/?product=kit-regulador-premium#breadcrumb\"},\"inLanguage\":\"es\",\"potentialAction\":[{\"@type\":\"ReadAction\",\"target\":[\"https:\/\/solgasonline.com\/?product=kit-regulador-premium\"]}]},{\"@type\":\"ImageObject\",\"inLanguage\":\"es\",\"@id\":\"https:\/\/solgasonline.com\/?product=kit-regulador-premium#primaryimage\",\"url\":\"https:\/\/solgasonline.com\/wp-content\/uploads\/2025\/09\/WhatsApp-Image-2024-06-05-at-6.08.20-PM-1.jpeg\",\"contentUrl\":\"https:\/\/solgasonline.com\/wp-content\/uploads\/2025\/09\/WhatsApp-Image-2024-06-05-at-6.08.20-PM-1.jpeg\",\"width\":1280,\"height\":1280},{\"@type\":\"BreadcrumbList\",\"@id\":\"https:\/\/solgasonline.com\/?product=kit-regulador-premium#breadcrumb\",\"itemListElement\":[{\"@type\":\"ListItem\",\"position\":1,\"name\":\"Portada\",\"item\":\"https:\/\/solgasonline.com\/\"},{\"@type\":\"ListItem\",\"position\":2,\"name\":\"Tienda\",\"item\":\"https:\/\/solgasonline.com\/?page_id=7\"},{\"@type\":\"ListItem\",\"position\":3,\"name\":\"Kit regulador premium\"}]},{\"@type\":\"WebSite\",\"@id\":\"https:\/\/solgasonline.com\/#website\",\"url\":\"https:\/\/solgasonline.com\/\",\"name\":\"Solgas Distribuidor Autorizado\",\"description\":\"\",\"publisher\":{\"@id\":\"https:\/\/solgasonline.com\/#organization\"},\"potentialAction\":[{\"@type\":\"SearchAction\",\"target\":{\"@type\":\"EntryPoint\",\"urlTemplate\":\"https:\/\/solgasonline.com\/?s={search_term_string}\"},\"query-input\":{\"@type\":\"PropertyValueSpecification\",\"valueRequired\":true,\"valueName\":\"search_term_string\"}}],\"inLanguage\":\"es\"},{\"@type\":\"Organization\",\"@id\":\"https:\/\/solgasonline.com\/#organization\",\"name\":\"Solgas Online | Delivery de Gas en Lima, Huacho y m\u00e1s ciudades\",\"url\":\"https:\/\/solgasonline.com\/\",\"logo\":{\"@type\":\"ImageObject\",\"inLanguage\":\"es\",\"@id\":\"https:\/\/solgasonline.com\/#\/schema\/logo\/image\/\",\"url\":\"https:\/\/solgasonline.com\/wp-content\/uploads\/2025\/09\/LOGO-1.jpg\",\"contentUrl\":\"https:\/\/solgasonline.com\/wp-content\/uploads\/2025\/09\/LOGO-1.jpg\",\"width\":1280,\"height\":569,\"caption\":\"Solgas Online | Delivery de Gas en Lima, Huacho y m\u00e1s ciudades\"},\"image\":{\"@id\":\"https:\/\/solgasonline.com\/#\/schema\/logo\/image\/\"}}]}<\/script>\n<!-- \/ Yoast SEO plugin. -->","yoast_head_json":{"title":"Kit regulador premium - Solgas Online","description":"Kit Regulador Premium Solgas: incluye regulador y manguera de alta calidad para una conexi\u00f3n segura y duradera.","robots":{"index":"index","follow":"follow","max-snippet":"max-snippet:-1","max-image-preview":"max-image-preview:large","max-video-preview":"max-video-preview:-1"},"canonical":"https:\/\/solgasonline.com\/?product=kit-regulador-premium","og_locale":"es_ES","og_type":"article","og_title":"Kit regulador premium - Solgas Online","og_description":"Kit Regulador Premium Solgas: incluye regulador y manguera de alta calidad para una conexi\u00f3n segura y duradera.","og_url":"https:\/\/solgasonline.com\/?product=kit-regulador-premium","og_site_name":"Solgas Online","article_modified_time":"2025-09-11T21:26:31+00:00","og_image":[{"width":1280,"height":1280,"url":"https:\/\/solgasonline.com\/wp-content\/uploads\/2025\/09\/WhatsApp-Image-2024-06-05-at-6.08.20-PM-1.jpeg","type":"image\/jpeg"}],"twitter_card":"summary_large_image","twitter_misc":{"Tiempo de lectura":"1 minuto"},"schema":{"@context":"https:\/\/schema.org","@graph":[{"@type":"WebPage","@id":"https:\/\/solgasonline.com\/?product=kit-regulador-premium","url":"https:\/\/solgasonline.com\/?product=kit-regulador-premium","name":"Kit regulador premium - Solgas Online","isPartOf":{"@id":"https:\/\/solgasonline.com\/#website"},"primaryImageOfPage":{"@id":"https:\/\/solgasonline.com\/?product=kit-regulador-premium#primaryimage"},"image":{"@id":"https:\/\/solgasonline.com\/?product=kit-regulador-premium#primaryimage"},"thumbnailUrl":"https:\/\/solgasonline.com\/wp-content\/uploads\/2025\/09\/WhatsApp-Image-2024-06-05-at-6.08.20-PM-1.jpeg","datePublished":"2025-09-11T21:26:30+00:00","dateModified":"2025-09-11T21:26:31+00:00","description":"Kit Regulador Premium Solgas: incluye regulador y manguera de alta calidad para una conexi\u00f3n segura y duradera.","breadcrumb":{"@id":"https:\/\/solgasonline.com\/?product=kit-regulador-premium#breadcrumb"},"inLanguage":"es","potentialAction":[{"@type":"ReadAction","target":["https:\/\/solgasonline.com\/?product=kit-regulador-premium"]}]},{"@type":"ImageObject","inLanguage":"es","@id":"https:\/\/solgasonline.com\/?product=kit-regulador-premium#primaryimage","url":"https:\/\/solgasonline.com\/wp-content\/uploads\/2025\/09\/WhatsApp-Image-2024-06-05-at-6.08.20-PM-1.jpeg","contentUrl":"https:\/\/solgasonline.com\/wp-content\/uploads\/2025\/09\/WhatsApp-Image-2024-06-05-at-6.08.20-PM-1.jpeg","width":1280,"height":1280},{"@type":"BreadcrumbList","@id":"https:\/\/solgasonline.com\/?product=kit-regulador-premium#breadcrumb","itemListElement":[{"@type":"ListItem","position":1,"name":"Portada","item":"https:\/\/solgasonline.com\/"},{"@type":"ListItem","position":2,"name":"Tienda","item":"https:\/\/solgasonline.com\/?page_id=7"},{"@type":"ListItem","position":3,"name":"Kit regulador premium"}]},{"@type":"WebSite","@id":"https:\/\/solgasonline.com\/#website","url":"https:\/\/solgasonline.com\/","name":"Solgas Distribuidor Autorizado","description":"","publisher":{"@id":"https:\/\/solgasonline.com\/#organization"},"potentialAction":[{"@type":"SearchAction","target":{"@type":"EntryPoint","urlTemplate":"https:\/\/solgasonline.com\/?s={search_term_string}"},"query-input":{"@type":"PropertyValueSpecification","valueRequired":true,"valueName":"search_term_string"}}],"inLanguage":"es"},{"@type":"Organization","@id":"https:\/\/solgasonline.com\/#organization","name":"Solgas Online | Delivery de Gas en Lima, Huacho y m\u00e1s ciudades","url":"https:\/\/solgasonline.com\/","logo":{"@type":"ImageObject","inLanguage":"es","@id":"https:\/\/solgasonline.com\/#\/schema\/logo\/image\/","url":"https:\/\/solgasonline.com\/wp-content\/uploads\/2025\/09\/LOGO-1.jpg","contentUrl":"https:\/\/solgasonline.com\/wp-content\/uploads\/2025\/09\/LOGO-1.jpg","width":1280,"height":569,"caption":"Solgas Online | Delivery de Gas en Lima, Huacho y m\u00e1s ciudades"},"image":{"@id":"https:\/\/solgasonline.com\/#\/schema\/logo\/image\/"}}]}},"_links":{"self":[{"href":"https:\/\/solgasonline.com\/index.php?rest_route=\/wp\/v2\/product\/168","targetHints":{"allow":["GET"]}}],"collection":[{"href":"https:\/\/solgasonline.com\/index.php?rest_route=\/wp\/v2\/product"}],"about":[{"href":"https:\/\/solgasonline.com\/index.php?rest_route=\/wp\/v2\/types\/product"}],"replies":[{"embeddable":true,"href":"https:\/\/solgasonline.com\/index.php?rest_route=%2Fwp%2Fv2%2Fcomments&post=168"}],"wp:featuredmedia":[{"embeddable":true,"href":"https:\/\/solgasonline.com\/index.php?rest_route=\/wp\/v2\/media\/102"}],"wp:attachment":[{"href":"https:\/\/solgasonline.com\/index.php?rest_route=%2Fwp%2Fv2%2Fmedia&parent=168"}],"wp:term":[{"taxonomy":"product_brand","embeddable":true,"href":"https:\/\/solgasonline.com\/index.php?rest_route=%2Fwp%2Fv2%2Fproduct_brand&post=168"},{"taxonomy":"product_cat","embeddable":true,"href":"https:\/\/solgasonline.com\/index.php?rest_route=%2Fwp%2Fv2%2Fproduct_cat&post=168"},{"taxonomy":"product_tag","embeddable":true,"href":"https:\/\/solgasonline.com\/index.php?rest_route=%2Fwp%2Fv2%2Fproduct_tag&post=168"}],"curies":[{"name":"wp","href":"https:\/\/api.w.org\/{rel}","templated":true}]}}